 are the prime factors of 8521124?
2, 461, 4621
What are the prime factors of 4466355?
3, 5, 297757
List the prime factors of 461244.
2, 3, 7, 17, 19
What are the prime factors of 214628?
2, 53657
What are the prime factors of 149972?
2, 37493
What are the prime factors of 150379?
150379
What are the prime factors of 92331?
3, 10259
List the prime factors of 121938.
2, 3, 20323
What are the prime factors of 387284?
2, 96821
What are the prime factors of 146050?
2, 5, 23, 127
List the prime factors of 395316.
2, 3, 79, 139
List the prime factors of 13538874.
2, 3, 2256479
List the prime factors of 42836.
2, 10709
What are the prime factors of 582393?
3, 7, 27733
What are the prime factors of 850021?
850021
What are the prime factors of 461599?
461599
List the prime factors of 79025.
5, 29, 109
What are the prime factors of 2351510?
2, 5, 7, 4799
List the prime factors of 77093.
77093
List the prime factors of 3159298.
2, 1237, 1277
What are the prime factors of 996172?
2, 337, 739
List the prime factors of 3937721.
3937721
What are the prime factors of 196300?
2, 5, 13, 151
What are the prime factors of 21578418?
2, 3, 31, 38671
What are the prime factors of 11051676?
2, 3, 306991
List the prime factors of 4744959.
3, 1581653
What are the prime factors of 4307608?
2, 467, 1153
What are the prime factors of 2012981?
151, 13331
What are the prime factors of 4519465?
5, 571, 1583
List the prime factors of 3204353.
607, 5279
What are the prime factors of 24173560?
2, 5, 604339
What are the prime factors of 406266?
2, 3, 7, 17, 569
What are the prime factors of 2665819?
13, 205063
What are the prime factors of 865080?
2, 3, 5, 89
List the prime factors of 226143.
3, 25127
List the prime factors of 1387465.
5, 277493
List the prime factors of 21578679.
3, 2397631
What are the prime factors of 4858123?
151, 32173
What are the prime factors of 230405?
5, 7, 29, 227
List the prime factors of 4524645.
3, 5, 301643
List the prime factors of 136371.
3, 131, 347
What are the prime factors of 8755407?
3, 972823
What are the prime factors of 685589?
29, 47, 503
List the prime factors of 1130181.
3, 13, 28979
What are the prime factors of 9661601?
67, 144203
What are the prime factors of 46752?
2, 3, 487
What are the prime factors of 248039?
11, 22549
What are the prime factors of 15301?
11, 13, 107
What are the prime factors of 146493?
3, 41, 397
What are the prime factors of 1476631?
13, 97, 1171
What are the prime factors of 12350?
2, 5, 13, 19
List the prime factors of 13779659.
13779659
What are the prime factors of 2667336?
2, 3, 7, 15877
List the prime factors of 2273511.
3, 67, 11311
List the prime factors of 172883.
172883
List the prime factors of 17368545.
3, 5, 79, 14657
List the prime factors of 554694.
2, 3, 7, 47, 281
What are the prime factors of 101342?
2, 50671
List the prime factors of 232393.
7, 33199
What are the prime factors of 127751?
13, 31, 317
What are the prime factors of 148943?
47, 3169
What are the prime factors of 1860587?
389, 4783
List the prime factors of 11736.
2, 3, 163
What are the prime factors of 1525995?
3, 5, 33911
What are the prime factors of 24686406?
2, 3, 23, 59629
List the prime factors of 620262.
2, 3, 17, 2027
What are the prime factors of 2679863?
17, 157639
List the prime factors of 13300569.
3, 157, 9413
What are the prime factors of 2784233?
47, 59239
What are the prime factors of 3724883?
3724883
What are the prime factors of 473144?
2, 7, 17, 71
What are the prime factors of 5043011?
5043011
List the prime factors of 1516561.
19, 4201
What are the prime factors of 5765320?
2, 5, 11, 13103
List the prime factors of 393129.
3, 11, 19
List the prime factors of 12798003.
3, 373, 11437
What are the prime factors of 8726115?
3, 5, 197, 2953
List the prime factors of 279311.
279311
What are the prime factors of 93929?
11, 8539
List the prime factors of 1808439.
3, 19, 31727
List the prime factors of 69798.
2, 3, 11633
List the prime factors of 6398733.
3, 11, 71, 2731
What are the prime factors of 692720?
2, 5, 7, 1237
List the prime factors of 5331098.
2, 17, 156797
List the prime factors of 11775803.
13, 47, 19273
What are the prime factors of 379564?
2, 31, 3061
List the prime factors of 1037083.
233, 4451
What are the prime factors of 4918783?
4918783
List the prime factors of 527919.
3, 7, 23, 1093
List the prime factors of 3328597.
3328597
List the prime factors of 4627177.
4627177
What are the prime factors of 1592396?
2, 13, 113, 271
What are the prime factors of 142076?
2, 11, 3229
What are the prime factors of 741889?
79, 9391
What are the prime factors of 38164168?
2, 7, 37, 113, 163
What are the prime factors of 16200502?
2, 19, 29, 61, 241
List the prime factors of 41348.
2, 10337
What are the prime factors of 513047?
513047
List the prime factors of 62534.
2, 31267
List the prime factors of 37662758.
2, 7, 2690197
What are the prime factors of 2897520?
2, 3, 5, 12073
List the prime factors of 117754.
2, 7, 13, 647
List the prime factors of 602119.
7, 86017
What are the prime factors of 13536325?
5, 11, 49223
List the prime factors of 448363.
448363
List the prime factors of 6422937.
3, 41, 79, 661
What are the prime factors of 1718364?
2, 3, 143197
What are the prime factors of 1646002?
2, 823001
List the prime factors of 7442207.
53, 140419
List the prime factors of 2301432.
2, 3, 7, 19, 103
What are the prime factors of 2877824?
2, 22483
What are the prime factors of 1109318?
2, 7, 17, 59, 79
What are the prime factors of 3167527?
11, 151, 1907
List the prime factors of 290809.
43, 6763
List the prime factors of 2860308.
2, 3, 11, 31, 233
List the prime factors of 649893.
3, 17, 12743
What are the prime factors of 10396521?
3, 1155169
What are the prime factors of 470879?
23, 59, 347
List the prime factors of 193160.
2, 5, 11, 439
What are the prime factors of 592485?
3, 5, 39499
What are the prime factors of 214864?
2, 13, 1033
List the prime factors of 1656152.
2, 241, 859
What are the prime factors of 284112?
2, 3, 1973
What are the prime factors of 3828729?
3, 1276243
What are the prime factors of 3340810?
2, 5, 11, 251
List the prime factors of 2095276.
2, 151, 3469
What are the prime factors of 7420605?
3, 5, 23, 137, 157
List the prime factors of 129295.
5, 19, 1361
What are the prime factors of 985303?
11, 17, 479
List the prime factors of 724666.
2, 362333
List the prime factors of 404384.
2, 12637
What are the prime factors of 360946?
2, 180473
List the prime factors of 10494433.
29, 361877
List the prime factors of 1558448.
2, 257, 379
What are the prime factors of 329546?
2, 7, 23539
List the prime factors of 7469985.
3, 5, 497999
What are the prime factors of 58334?
2, 29167
List the prime factors of 1352416.
2, 13, 3251
List the prime factors of 263354.
2, 7, 13, 1447
List the prime factors of 2118369.
3, 11, 23, 2791
List the prime factors of 2043295.
5, 408659
What are the prime factors of 361991?
7, 51713
List the prime factors of 16722.
2, 3, 929
List the prime factors of 55549.
13, 4273
List the prime factors of 2443301.
7, 349043
List the prime factors of 2556623.
263, 9721
List the prime factors of 25962798.
2, 3, 43, 103, 977
List the prime factors of 691337.
691337
List the prime factors of 4238446.
2, 797, 2659
List the prime factors of 3465758.
2, 1732879
List the prime factors of 240649.
23, 10463
List the prime factors of 19526321.
19526321
What are the prime factors of 463134?
2, 3, 7, 11027
What are the prime factors of 2011564?
2, 283, 1777
List the prime factors of 1728134.
2, 103, 8389
What are the prime factors of 11990763?
3, 17, 109, 719
List the prime factors of 2651360.
2, 5, 73, 227
List the prime factors of 2323837.
2323837
What are the prime factors of 22375?
5, 179
List the prime factors of 355517.
355517
What are the prime factors of 7205706?
2, 3, 133439
What are the prime factors of 465067?
465067
What are the prime factors of 6847804?
2, 17, 100703
What are the prime factors of 4468614?
2, 3, 863
What are the prime factors of 8998505?
5, 1799701
List the prime factors of 627712.
2, 613
List the prime factors of 9024964.
2, 13, 197, 881
List the prime factors of 464717.
11, 83, 509
List the prime factors of 533637.
3, 13, 4561
List the prime factor